
Suppose -5*x - 40 = -4*g, -g + 2*x - 15 = 7*x. Let d(b) = 37*b**2 + 3 + 3*b**3 - 40*b**2 - b**3 + 5*b. Is d(g) a prime number?
False
Suppose 4*j - 6630 = k, 0 = -5*j + 6*k - 10*k + 8277. Is j a prime number?
True
Suppose 2*x = i + 24381, -4*x + 32833 + 15959 = 4*i. Is x a composite number?
True
Is (-58)/(-261) + 182905/9 composite?
False
Is 3/(-6) - (-8)/(-16) - -3018 composite?
True
Suppose o = 3*o - 2*d - 2320, d = -4*o + 4655. Is o composite?
False
Let c be -11 + 205/30 + (-1)/(-6). Let v(b) be the third derivative of -b**6/30 + b**5/30 - b**4/4 - 5*b**3/6 + b**2. Is v(c) a composite number?
False
Let l(x) = 1485 + 12*x + 170 - 28*x + 14*x. Is l(0) prime?
False
Let b(g) = 77*g + 5. Suppose 0 = -5*t + 19 + 11. Is b(t) a composite number?
False
Is (-93555)/(-108) - 10/8 a composite number?
True
Let h = 116 + -67. Suppose 123 = 4*j - h. Let g = -22 + j. Is g composite?
True
Suppose 0 = 75*c - 85*c + 130810. Is c a prime number?
False
Let x = 15 - 10. Suppose 2*t + 548 = 3*i, -5*t = -x*i + 149 + 766. Let w = i - 93. Is w prime?
True
Suppose 19*k = 22*k - 2991. Is k a composite number?
False
Let z(f) = -f - 13. Suppose -5*j + 2*j - 3*t = 39, 2*t = 5*j + 37. Let o be z(j). Is (-21217)/(-63) - o/18 a prime number?
True
Let d = 120810 + -39467. Is d a prime number?
True
Let m(d) = -3*d + 11. Let a be m(5). Is ((-8)/(-12))/(1*a/(-11082)) a composite number?
False
Suppose 101*k - 299217 = 29437. Is k a composite number?
True
Let p = 7 + -3. Suppose p*i - 5*i = -2. Suppose -i*v - q + 73 + 59 = 0, -v + q + 69 = 0. Is v composite?
False
Let t(j) = 89*j**2 - 12*j + 26. Is t(15) a prime number?
False
Suppose 3*v = -2*c - 568, 4*c - 126 = v + 82. Let j = 99 - v. Let o = -160 + j. Is o a composite number?
False
Let u = -4 - -3. Suppose -6*d - 619 = -4*d + b, 0 = 3*d + 2*b + 926. Is u - -2 - d/4 a composite number?
False
Let q be 12/18*((-7)/1 - -1). Is (1 - 5) + 4/(q/(-1965)) a prime number?
False
Is 3934/22 - 26/(-143) prime?
True
Let u = 4 + -1. Suppose -u = 5*w + 2. Is (-5 - 1)/(w - 0) a composite number?
True
Let h(o) be the first derivative of 7*o**3/3 + 11*o**2/2 - 7*o + 3. Is h(-8) prime?
True
Let g(i) be the third derivative of 3*i**5/20 + i**4/12 + i**3/2 - 5*i**2. Let z be g(-5). Suppose -p = -3*p + z. Is p a composite number?
False
Suppose -2*c = -2*y - 74854, -5*y = -3*c + 74861 + 37416. Is c a composite number?
True
Let x = 2317 + -1166. Is x a prime number?
True
Let u = -3810 - -10259. Is u prime?
True
Let g = 260 + -62. Suppose -3*v = 3*j - g, 2*v - 3*j = -6*j + 127. Is v a prime number?
True
Suppose 0*g + 3*g = 3714. Is g prime?
False
Suppose 4*i - 5890 = 9858. Suppose 0 = 5*s - 4*s - 3*m - 994, 4*s + m - i = 0. Is s prime?
False
Let f be (3 - -6)*4/6. Suppose f = 26*i - 25*i. Suppose 0 = 4*y + 3*m - 581, 3*m + 760 = i*y - y. Is y a composite number?
False
Suppose 0*o + 15 = 5*o. Suppose -o*k = -4*k + 336. Let j = k + 73. Is j a composite number?
False
Suppose -3*b + 6*b - 109 = 2*x, 3*b - 119 = 4*x. Suppose b*g = 25*g + 2328. Is g composite?
True
Let a be -6*(-2 - 6/(-4)). Suppose -a*q + 6471 = -0*q. Suppose -q = -4*h - 5*s, 3*s = h - 2*h + 548. Is h prime?
False
Let b(c) = c + 9. Let q be b(-17). Is ((-4629)/6)/(4/q) composite?
False
Let r(s) = -2*s**3 - 2*s**2 + 2*s. Let a be r(-2). Let u be 4/(-16) - (-1)/4. Suppose u*w - 580 = -a*w. Is w a prime number?
False
Let f be 160/(-26) - (-8)/52. Is 9/3*(4 + (-3710)/f) a composite number?
False
Suppose 0 = d - 22 - 149. Let z = -8 + d. Is z composite?
False
Suppose -2*g = -3*t + 10, 0 = -t + 6*g - g - 1. Let l(h) = -2*h + 0 - h + t*h + 4. Is l(9) composite?
False
Let g(f) = 8*f**3 - f**2 - 2*f + 5*f**2 - 3*f**2 + 1. Let m be g(1). Suppose m*k = 4*k + 844. Is k a composite number?
False
Suppose 0 = -0*w - 4*w + 4*r, -2*w + 5*r = 15. Suppose w*u - 60 - 15 = 0. Is 1192/10 + (-3)/u composite?
True
Suppose 5*o = -5*z + 5570, o - 996 - 116 = -2*z. Suppose 3*u - 3362 = -0*u + 5*n, -3*n = u - o. Is u prime?
False
Is ((-635)/(-5))/(5 - 4) composite?
False
Let m = 52 - 44. Let o(t) = 5*t**3 - 10*t**2 + 2*t - 5. Is o(m) composite?
False
Suppose 5*l - 13047 = 2*b, 9*l = 6*l - 4*b + 7823. Is l a prime number?
True
Let h(j) = -39*j**2. Let n be h(2). Let r = n + 247. Is r a prime number?
False
Let g be -7 + 9 - 4/(-2). Suppose -4*l - 274 = -3*j + j, 4*j + g*l = 596. Is j composite?
True
Let y be 2 + (1 - (20 + -1)). Is 217 + (-1)/((-4)/y) a prime number?
False
Suppose -15 = -5*w - 0*w. Suppose 0 = 5*i - q - 22, q = w*i + 3*q - 21. Suppose 0 = -u - k + i, k = -4*k - 25. Is u prime?
False
Let a be -5*1 + (5 - 3). Let q be ((-8)/24)/(a/18). Suppose s + 115 - 337 = -4*b, q*s + 2*b - 414 = 0. Is s a prime number?
False
Let o = 212 + 286. Let l = o - -469. Is l a prime number?
True
Suppose -591 - 5140 = -11*b. Is b composite?
False
Let q = -3 + 7. Suppose 0 = -q*k - 123 + 27. Let r = k - -63. Is r composite?
True
Suppose 0 = -3*l - x + 997, -9*l + 3*x + 1685 = -4*l. Is l a prime number?
False
Let r(w) = w**2 + 19*w - 61. Is r(-25) prime?
True
Let v be -3 - -7*5/5. Let t be 110/v*60/6. Suppose s + t - 787 = -4*j, 3*s + 657 = 5*j. Is j a composite number?
True
Suppose 4*q - 5*q - 13 = -2*g, 2*q = -10. Suppose -93 = -g*f - 5*v + 1985, 4*v + 2060 = 4*f. Is f composite?
True
Suppose 4*v - 8 = 3*i, -2*v = -2*i + i - 4. Suppose -2*a + o + 2*o = -12, 8 = v*a - o. Is a + 416/(2 + 0) prime?
True
Let w = 20176 - 4313. Is w prime?
False
Let o = -58115 - -82774. Is o a composite number?
False
Let g(j) = 20951*j - 521. Is g(8) a composite number?
False
Let l be (2/(-3))/((-325)/(-327) - 1). Suppose -132 = -4*q + 2*f, -7*f + 3*f - l = -3*q. Is q composite?
False
Let y(i) = 14*i + 1. Suppose -6 + 3 = -3*x + 3*z, -2*z = 4*x - 28. Is y(x) prime?
True
Let b = -65741 + 127920. Is b composite?
True
Suppose 120546 = 9*s - 96597. Is s prime?
False
Let y = -15 - -9. Is (-4)/y - 2305/(-3) prime?
True
Suppose 2*o + 5136 - 12888 = 0. Suppose -2*a + 4*c - c + 1922 = 0, -2*c = 4*a - o. Is a prime?
True
Let g = 581 + -327. Is g a prime number?
False
Let g = 1 + 1468. Is g composite?
True
Let i be ((-1)/1)/(1/(-22)). Suppose -i = m - 8. Let t = m - -25. Is t prime?
True
Suppose -7*k - 4*k + 142769 = 0. Is k prime?
True
Let g(c) = -c**3 - 45*c**2 - 77*c + 134. Is g(-56) a composite number?
True
Suppose u = 6*u - 175. Let p = u + -30. Suppose -p*h + 32 + 136 = 2*y, 2*h - 73 = 5*y. Is h prime?
False
Suppose 1305 = k - 275. Suppose p - k = -3*p. Is p a composite number?
True
Let t(c) = c**3 + 20*c**2 + 7*c - 81. Is t(-17) prime?
False
Let u(c) be the third derivative of -c**4/24 + 19*c**3/6 - c**2. Let x be u(13). Let l(z) = z**2 + 6*z - 5. Is l(x) a prime number?
True
Let c = 9217 + 42. Is c a composite number?
True
Suppose -9*x - 808 = -13*x. Suppose 0 = 3*g - 5*f - 6452, g - 2346 + x = -5*f. Is g a composite number?
True
Let c = -37668 - -54035. Is c composite?
True
Suppose 3*t - 10766 = -7*m + 3*m, -8073 = -3*m - 3*t. Let b = m + 1250. Is b composite?
False
Suppose 24*s = 23*s + 2. Suppose 3*f - 168 = -s*g - 55, f = g - 54. Is g a prime number?
False
Let v = 1313 - 1849. Let p = v + 1423. Is p prime?
True
Let i = 12201 - 3652. Is i prime?
False
Suppose 5*w = 24 + 6. Suppose -w*k - 3471 = -9153. Is k composite?
False
Let o(z) = 7*z**2 - 11*z - 5. Suppose 2*a - 5*p = 4*a - 36, 5*a - 20 = 5*p. Is o(a) composite?
True
Let i be (8/6)/((-2)/(-18)). Let u be -2 + i + -2 + -1. Is -23*(u - 1)/(-2) a composite number?
True
Let u be (-2082)/(-8) + 5/(-20). Suppose -3*c + 4*w + 245 = 50, u = 4*c + 5*w. Let i = 99 - c. Is i a composite number?
True
Suppose 9*b + 8257 = 91318. Is b composite?
True
Let g(u) = -161*u - 1. Let s be g(-1). Let z be 5 - -6*14/(-12). Is z + (-2 - -1) + s composite?
False
Let o = -243 + 1321. Is (o + 4)/(-3 + 4) a prime number?
False
Let h(m) = m**2 + 7*m - 8. Let x be h(-8). Suppose -281*l + 286*l - 8285 = x. Is l composite?
False
Let j = -4 + 6. Suppose -l + p + 427 = -2*p, 0 = j*l - 2*p - 838. Suppose -5*q + l = -160. Is q a prime number?
False
Is 117/(4 - -5) - -63706 prime?
True
Suppose -11*t + 15615 = 4*t. Is t a prime number?
False
Let o be (2 - (-3 + 9)) + 6. Suppose g - 555 = 2*j, 7*j - 1155 = -o*g + 2*j. Is g prime?
False
Let w = 73 + 297. Suppose 2*p - 2592 = w. Is p a prime number?
True
Let k = 2625 + -1278. Is k 